{"id":70,"date":"2025-04-25T15:28:19","date_gmt":"2025-04-25T13:28:19","guid":{"rendered":"https:\/\/mathe123.de\/?page_id=70"},"modified":"2025-05-07T10:35:21","modified_gmt":"2025-05-07T08:35:21","slug":"bbr-msa","status":"publish","type":"page","link":"https:\/\/mathe123.de\/index.php\/bbr-msa\/","title":{"rendered":"BBR\/MSA"},"content":{"rendered":"\n<p>Lehrinhalte und Mathe-Snacks f\u00fcr die Vorbereitung der schriftlichen Pr\u00fcfungen zu BBR und MSA<\/p>\n\n\n\n<figure class=\"wp-block-image aligncenter size-medium is-resized\"><a href=\"https:\/\/mathe123.de\/index.php\/mathe-snacks\/\"><img loading=\"lazy\" decoding=\"async\" width=\"300\" height=\"199\" src=\"https:\/\/mathe123.de\/wp-content\/uploads\/2025\/04\/image-300x199.png\" alt=\"\" class=\"wp-image-85\" style=\"width:431px;height:auto\" srcset=\"https:\/\/mathe123.de\/wp-content\/uploads\/2025\/04\/image-300x199.png 300w, https:\/\/mathe123.de\/wp-content\/uploads\/2025\/04\/image-768x509.png 768w, https:\/\/mathe123.de\/wp-content\/uploads\/2025\/04\/image.png 800w\" sizes=\"auto, (max-width: 300px) 100vw, 300px\" \/><\/a><\/figure>\n\n\n\n<p><a href=\"https:\/\/mathe123.de\/index.php\/mathe-snacks\/\" data-type=\"page\" data-id=\"82\">Hier sind die Mathe-Snacks<\/a>! Mathe-Snacks werden in der Wolfgang-Borchert-Schule ab dem 16.03.2025 verteilt. Zu diesem Zeitpunkt sind es noch 49 Tage bis zur schriftlichen BBR-Pr\u00fcfung 2025 in Mathe. Mathe-Snacks von Mathe123 sind gut vertr\u00e4glich, machen nicht dick und bauen Mathe-Muskeln auf. Viele k\u00f6nnen in weniger als 10 Minuten verdr\u00fcckt werden und hinterlassen ein wohliges Gef\u00fchl des Verstehens im Bauch.<\/p>\n\n\n\n<p><a href=\"https:\/\/mathe123.de\/index.php\/themenubersicht-mathe-snacks\/\" data-type=\"page\" data-id=\"369\">Themen\u00fcbersicht<\/a> der Mathe-Snacks<\/p>\n\n\n\n<p><a href=\"https:\/\/mathe123.de\/index.php\/kernthemen-des-mathe-bbr-prufungsumfangs\/\" data-type=\"page\" data-id=\"426\">Kernthemen<\/a> des Mathe-BBR-Pr\u00fcfungsumfangs<\/p>\n\n\n\n<div class=\"wp-block-columns is-layout-flex wp-container-core-columns-is-layout-28f84493 wp-block-columns-is-layout-flex\">\n<div class=\"wp-block-column is-layout-flow wp-block-column-is-layout-flow\" style=\"flex-basis:66.66%\">\n<p>Hier sind <a href=\"https:\/\/mathe123.de\/index.php\/2025\/05\/05\/original-bbr-prufungen\/\" data-type=\"post\" data-id=\"358\">Original BBR-Pr\u00fcfungen<\/a><\/p>\n<\/div>\n\n\n\n<div class=\"wp-block-column is-vertically-aligned-top is-layout-flow wp-block-column-is-layout-flow\" style=\"flex-basis:33.33%\"><\/div>\n<\/div>\n\n\n\n<p><\/p>\n","protected":false},"excerpt":{"rendered":"<p>Lehrinhalte und Mathe-Snacks f\u00fcr die Vorbereitung der schriftlichen Pr\u00fcfungen zu BBR und MSA Hier sind die Mathe-Snacks! Mathe-Snacks werden in der Wolfgang-Borchert-Schule ab dem 16.03.2025 verteilt. Zu diesem Zeitpunkt sind es noch 49 Tage bis zur schriftlichen BBR-Pr\u00fcfung 2025 in Mathe. Mathe-Snacks von Mathe123 sind gut vertr\u00e4glich, machen nicht dick und bauen Mathe-Muskeln auf. Viele [&hellip;]<\/p>\n","protected":false},"author":1,"featured_media":0,"parent":0,"menu_order":0,"comment_status":"closed","ping_status":"closed","template":"","meta":{"footnotes":""},"categories":[],"tags":[],"class_list":["post-70","page","type-page","status-publish","hentry"],"blocksy_meta":[],"_links":{"self":[{"href":"https:\/\/mathe123.de\/index.php\/wp-json\/wp\/v2\/pages\/70","targetHints":{"allow":["GET"]}}],"collection":[{"href":"https:\/\/mathe123.de\/index.php\/wp-json\/wp\/v2\/pages"}],"about":[{"href":"https:\/\/mathe123.de\/index.php\/wp-json\/wp\/v2\/types\/page"}],"author":[{"embeddable":true,"href":"https:\/\/mathe123.de\/index.php\/wp-json\/wp\/v2\/users\/1"}],"replies":[{"embeddable":true,"href":"https:\/\/mathe123.de\/index.php\/wp-json\/wp\/v2\/comments?post=70"}],"version-history":[{"count":8,"href":"https:\/\/mathe123.de\/index.php\/wp-json\/wp\/v2\/pages\/70\/revisions"}],"predecessor-version":[{"id":431,"href":"https:\/\/mathe123.de\/index.php\/wp-json\/wp\/v2\/pages\/70\/revisions\/431"}],"wp:attachment":[{"href":"https:\/\/mathe123.de\/index.php\/wp-json\/wp\/v2\/media?parent=70"}],"wp:term":[{"taxonomy":"category","embeddable":true,"href":"https:\/\/mathe123.de\/index.php\/wp-json\/wp\/v2\/categories?post=70"},{"taxonomy":"post_tag","embeddable":true,"href":"https:\/\/mathe123.de\/index.php\/wp-json\/wp\/v2\/tags?post=70"}],"curies":[{"name":"wp","href":"https:\/\/api.w.org\/{rel}","templated":true}]}}