{"id":154,"date":"2025-04-26T06:13:51","date_gmt":"2025-04-26T04:13:51","guid":{"rendered":"https:\/\/mathe123.de\/?page_id=154"},"modified":"2025-04-26T06:13:52","modified_gmt":"2025-04-26T04:13:52","slug":"mathe-snack-12-49-tiere-auf-dem-bauernhof","status":"publish","type":"page","link":"https:\/\/mathe123.de\/index.php\/mathe-snack-12-49-tiere-auf-dem-bauernhof\/","title":{"rendered":"Mathe-Snack 12\/49 Tiere auf dem Bauernhof"},"content":{"rendered":"\n<p>Prozent: hier sind die beiden wichtigen Grundaufgaben. Denke nach welche sind das?<\/p>\n\n\n\n<ol class=\"wp-block-list\">\n<li>Eine Anzahl in Prozent umrechnen<\/li>\n\n\n\n<li>Prozent in eine Anzahl umrechnen<\/li>\n<\/ol>\n\n\n\n<p>Durchdenke das, bevor die wild drauf los rechnest.<\/p>\n\n\n\n<p>Schreibe zur \u00dcbung immer Anteile als Dezimalzahl und Prozent hinschreiben! Z.B. 33 von 170 ist 33\/177 = 0,19 = 19%.<br><br>Probiere alle Ergebnisse aus: die Anteile der Tiere m\u00fcssen zusammen 1 ergeben, die Prozents\u00e4tze m\u00fcssen zusammen 100% ergeben.<\/p>\n\n\n\n<figure class=\"wp-block-image size-full\"><img loading=\"lazy\" decoding=\"async\" width=\"800\" height=\"714\" src=\"https:\/\/mathe123.de\/wp-content\/uploads\/2025\/04\/image-6.png\" alt=\"\" class=\"wp-image-157\" srcset=\"https:\/\/mathe123.de\/wp-content\/uploads\/2025\/04\/image-6.png 800w, https:\/\/mathe123.de\/wp-content\/uploads\/2025\/04\/image-6-300x268.png 300w, https:\/\/mathe123.de\/wp-content\/uploads\/2025\/04\/image-6-768x685.png 768w\" sizes=\"auto, (max-width: 800px) 100vw, 800px\" \/><\/figure>\n\n\n\n<p><\/p>\n","protected":false},"excerpt":{"rendered":"<p>Prozent: hier sind die beiden wichtigen Grundaufgaben. Denke nach welche sind das? Durchdenke das, bevor die wild drauf los rechnest. Schreibe zur \u00dcbung immer Anteile als Dezimalzahl und Prozent hinschreiben! Z.B. 33 von 170 ist 33\/177 = 0,19 = 19%. Probiere alle Ergebnisse aus: die Anteile der Tiere m\u00fcssen zusammen 1 ergeben, die Prozents\u00e4tze m\u00fcssen [&hellip;]<\/p>\n","protected":false},"author":1,"featured_media":0,"parent":0,"menu_order":0,"comment_status":"closed","ping_status":"closed","template":"","meta":{"footnotes":""},"categories":[],"tags":[],"class_list":["post-154","page","type-page","status-publish","hentry"],"blocksy_meta":[],"_links":{"self":[{"href":"https:\/\/mathe123.de\/index.php\/wp-json\/wp\/v2\/pages\/154","targetHints":{"allow":["GET"]}}],"collection":[{"href":"https:\/\/mathe123.de\/index.php\/wp-json\/wp\/v2\/pages"}],"about":[{"href":"https:\/\/mathe123.de\/index.php\/wp-json\/wp\/v2\/types\/page"}],"author":[{"embeddable":true,"href":"https:\/\/mathe123.de\/index.php\/wp-json\/wp\/v2\/users\/1"}],"replies":[{"embeddable":true,"href":"https:\/\/mathe123.de\/index.php\/wp-json\/wp\/v2\/comments?post=154"}],"version-history":[{"count":1,"href":"https:\/\/mathe123.de\/index.php\/wp-json\/wp\/v2\/pages\/154\/revisions"}],"predecessor-version":[{"id":158,"href":"https:\/\/mathe123.de\/index.php\/wp-json\/wp\/v2\/pages\/154\/revisions\/158"}],"wp:attachment":[{"href":"https:\/\/mathe123.de\/index.php\/wp-json\/wp\/v2\/media?parent=154"}],"wp:term":[{"taxonomy":"category","embeddable":true,"href":"https:\/\/mathe123.de\/index.php\/wp-json\/wp\/v2\/categories?post=154"},{"taxonomy":"post_tag","embeddable":true,"href":"https:\/\/mathe123.de\/index.php\/wp-json\/wp\/v2\/tags?post=154"}],"curies":[{"name":"wp","href":"https:\/\/api.w.org\/{rel}","templated":true}]}}