{"id":139,"date":"2025-04-26T05:44:57","date_gmt":"2025-04-26T03:44:57","guid":{"rendered":"https:\/\/mathe123.de\/?page_id=139"},"modified":"2025-04-26T05:44:57","modified_gmt":"2025-04-26T03:44:57","slug":"mathe-snack-9-49-bruchrechnen-fang-mit-diesem-video-an","status":"publish","type":"page","link":"https:\/\/mathe123.de\/index.php\/mathe-snack-9-49-bruchrechnen-fang-mit-diesem-video-an\/","title":{"rendered":"Mathe-Snack 9\/49 Bruchrechnen &#8211; fang mit diesem Video an"},"content":{"rendered":"\n<p>Du brauchst Bruchrechnen f\u00fcr die BBR-Pr\u00fcfung, vor allem (dringend) f\u00fcr die 4. Klassenarbeit und au\u00dferdem f\u00fcr Mathe in der 10. Klasse. Mach Schluss mit diesen Hauptl\u00fccken Kleines Einmaleins und Bruchrechnen.<\/p>\n\n\n\n<p>Dieses Video richtig benutzen: du muss nicht alles lernen, aber bekomme ein Gef\u00fchl daf\u00fcr, was Br\u00fcche sind und lerne, Br\u00fcche zu multiplizieren. Rechnen mit dem Kopf, wo immer es m\u00f6glich ist &#8211; und \u00fcbe so das kleine Einmaleins.<\/p>\n\n\n\n<figure class=\"wp-block-embed is-type-video is-provider-youtube wp-block-embed-youtube wp-embed-aspect-16-9 wp-has-aspect-ratio\"><div class=\"wp-block-embed__wrapper\">\n<iframe loading=\"lazy\" title=\"Bruchrechnen Regeln einfach erkl\u00e4rt | Mathe Grundlagen\" width=\"1290\" height=\"726\" src=\"https:\/\/www.youtube.com\/embed\/jBryDLKTUrQ?feature=oembed\" frameborder=\"0\" allow=\"accelerometer; autoplay; clipboard-write; encrypted-media; gyroscope; picture-in-picture; web-share\" referrerpolicy=\"strict-origin-when-cross-origin\" allowfullscreen><\/iframe>\n<\/div><\/figure>\n\n\n\n<p>Die wichtigsten Themen f\u00fcr BBR-Vorbereitung sind: Br\u00fcche multiplizieren und Br\u00fcche k\u00fcrzen.<br><\/p>\n\n\n\n<div class=\"wp-block-columns is-layout-flex wp-container-core-columns-is-layout-28f84493 wp-block-columns-is-layout-flex\">\n<div class=\"wp-block-column is-layout-flow wp-block-column-is-layout-flow\">\n<figure class=\"wp-block-image size-full\"><img loading=\"lazy\" decoding=\"async\" width=\"864\" height=\"864\" src=\"https:\/\/mathe123.de\/wp-content\/uploads\/2025\/04\/schlau-times.png\" alt=\"\" class=\"wp-image-140\" srcset=\"https:\/\/mathe123.de\/wp-content\/uploads\/2025\/04\/schlau-times.png 864w, https:\/\/mathe123.de\/wp-content\/uploads\/2025\/04\/schlau-times-300x300.png 300w, https:\/\/mathe123.de\/wp-content\/uploads\/2025\/04\/schlau-times-150x150.png 150w, https:\/\/mathe123.de\/wp-content\/uploads\/2025\/04\/schlau-times-768x768.png 768w\" sizes=\"auto, (max-width: 864px) 100vw, 864px\" \/><figcaption class=\"wp-element-caption\">Kleines Einmaleins mit <a href=\"https:\/\/schlau.app\/?atype=times\">schlau.app<\/a><\/figcaption><\/figure>\n<\/div>\n\n\n\n<div class=\"wp-block-column is-layout-flow wp-block-column-is-layout-flow\">\n<figure class=\"wp-block-image size-full\"><a href=\"https:\/\/schlau.app\/?atype=frac\"><img loading=\"lazy\" decoding=\"async\" width=\"793\" height=\"793\" src=\"https:\/\/mathe123.de\/wp-content\/uploads\/2025\/04\/schlau-frac.png\" alt=\"\" class=\"wp-image-141\" srcset=\"https:\/\/mathe123.de\/wp-content\/uploads\/2025\/04\/schlau-frac.png 793w, https:\/\/mathe123.de\/wp-content\/uploads\/2025\/04\/schlau-frac-300x300.png 300w, https:\/\/mathe123.de\/wp-content\/uploads\/2025\/04\/schlau-frac-150x150.png 150w, https:\/\/mathe123.de\/wp-content\/uploads\/2025\/04\/schlau-frac-768x768.png 768w\" sizes=\"auto, (max-width: 793px) 100vw, 793px\" \/><\/a><figcaption class=\"wp-element-caption\">Br\u00fcche k\u00fcrzen mit <a href=\"https:\/\/schlau.app\/?atype=frac\" data-type=\"link\" data-id=\"https:\/\/schlau.app\/?atype=frac\">schlau.app<\/a><\/figcaption><\/figure>\n<\/div>\n<\/div>\n\n\n\n<p><\/p>\n","protected":false},"excerpt":{"rendered":"<p>Du brauchst Bruchrechnen f\u00fcr die BBR-Pr\u00fcfung, vor allem (dringend) f\u00fcr die 4. Klassenarbeit und au\u00dferdem f\u00fcr Mathe in der 10. Klasse. Mach Schluss mit diesen Hauptl\u00fccken Kleines Einmaleins und Bruchrechnen. Dieses Video richtig benutzen: du muss nicht alles lernen, aber bekomme ein Gef\u00fchl daf\u00fcr, was Br\u00fcche sind und lerne, Br\u00fcche zu multiplizieren. Rechnen mit dem [&hellip;]<\/p>\n","protected":false},"author":1,"featured_media":0,"parent":0,"menu_order":0,"comment_status":"closed","ping_status":"closed","template":"","meta":{"footnotes":""},"categories":[],"tags":[],"class_list":["post-139","page","type-page","status-publish","hentry"],"blocksy_meta":[],"_links":{"self":[{"href":"https:\/\/mathe123.de\/index.php\/wp-json\/wp\/v2\/pages\/139","targetHints":{"allow":["GET"]}}],"collection":[{"href":"https:\/\/mathe123.de\/index.php\/wp-json\/wp\/v2\/pages"}],"about":[{"href":"https:\/\/mathe123.de\/index.php\/wp-json\/wp\/v2\/types\/page"}],"author":[{"embeddable":true,"href":"https:\/\/mathe123.de\/index.php\/wp-json\/wp\/v2\/users\/1"}],"replies":[{"embeddable":true,"href":"https:\/\/mathe123.de\/index.php\/wp-json\/wp\/v2\/comments?post=139"}],"version-history":[{"count":1,"href":"https:\/\/mathe123.de\/index.php\/wp-json\/wp\/v2\/pages\/139\/revisions"}],"predecessor-version":[{"id":142,"href":"https:\/\/mathe123.de\/index.php\/wp-json\/wp\/v2\/pages\/139\/revisions\/142"}],"wp:attachment":[{"href":"https:\/\/mathe123.de\/index.php\/wp-json\/wp\/v2\/media?parent=139"}],"wp:term":[{"taxonomy":"category","embeddable":true,"href":"https:\/\/mathe123.de\/index.php\/wp-json\/wp\/v2\/categories?post=139"},{"taxonomy":"post_tag","embeddable":true,"href":"https:\/\/mathe123.de\/index.php\/wp-json\/wp\/v2\/tags?post=139"}],"curies":[{"name":"wp","href":"https:\/\/api.w.org\/{rel}","templated":true}]}}